{"id":12,"date":"2018-02-12T16:40:04","date_gmt":"2018-02-12T15:40:04","guid":{"rendered":"http:\/\/figl.de\/v2\/?page_id=12"},"modified":"2026-02-23T06:39:01","modified_gmt":"2026-02-23T05:39:01","slug":"kontakt","status":"publish","type":"page","link":"https:\/\/figl.de\/index.php\/kontakt\/","title":{"rendered":"Kontakt"},"content":{"rendered":"<div>\n<p>ACHTUNG: WEGEN EINER SEHR HOHER INANSPRUCHNAHME IN DER PRAXIS, AM TELEFON UND PER E-MAIL KANN ES MEHRERE TAGE DAUERN, BIS SIE EINE ANTWORT VON UNS ERHALTEN.<\/p>\n<\/div>\n<div>\n<p>Sehr geehrte Patientinnen und Patienten,<\/p>\n<\/div>\n<div>\n<p>wir wissen, dass es h\u00e4ufig sehr schwer ist, uns telefonisch zu erreichen. Das liegt ausschlie\u00dflich an einem hohen Anrufaufkommen. Bleiben Sie bitte m\u00f6glichst am Apparat, wenn Sie in der Warteschleife sind. Sollte es Ihnen dennoch unm\u00f6glich sein, uns direkt telefonisch zu erreichen, schicken Sie uns eine R\u00fcckrufbitte \u00fcber das Kontaktformular. Wir rufen Sie dann innerhalb von 1-5 Arbeitstagen zur\u00fcck. Mit sehr dringenden medizinischen Anliegen (&#8222;Notfall&#8220;) kommen Sie bitte w\u00e4hrend der Sprechzeiten direkt in die Praxis.<\/p>\n<\/div>\n<div>\n<p>Bitte verwenden Sie dieses Kontaktformular nicht zur Mitteilung dringender medizinischer Sachverhalte, da wir eine zeitnahe Bearbeitung nicht immer gew\u00e4hrleisten k\u00f6nnen. Wenn Sie einen R\u00fcckruf zur Terminvereinbarung w\u00fcnschen, brauchen Sie hier keine Angaben zu Ihrem medizinischen Anliegen zu machen.<\/p>\n<\/div>\n<div>\n<p>Vielen Dank f\u00fcr Ihr Verst\u00e4ndnis,<\/p>\n<\/div>\n<div>\n<h4>Ihr Praxisteam Drs. Figl<\/h4>\n<\/div>\n<div>\n\n<div class=\"wpcf7 no-js\" id=\"wpcf7-f114-o1\" lang=\"de-DE\" dir=\"ltr\" data-wpcf7-id=\"114\">\n<div class=\"screen-reader-response\"><p role=\"status\" aria-live=\"polite\" aria-atomic=\"true\"><\/p> <ul><\/ul><\/div>\n<form action=\"\/index.php\/wp-json\/wp\/v2\/pages\/12#wpcf7-f114-o1\" method=\"post\" class=\"wpcf7-form init wpcf7-acceptance-as-validation\" aria-label=\"Kontaktformular\" novalidate=\"novalidate\" data-status=\"init\">\n<fieldset class=\"hidden-fields-container\"><input type=\"hidden\" name=\"_wpcf7\" value=\"114\" \/><input type=\"hidden\" name=\"_wpcf7_version\" value=\"6.1.5\" \/><input type=\"hidden\" name=\"_wpcf7_locale\" value=\"de_DE\" \/><input type=\"hidden\" name=\"_wpcf7_unit_tag\" value=\"wpcf7-f114-o1\" \/><input type=\"hidden\" name=\"_wpcf7_container_post\" value=\"0\" \/><input type=\"hidden\" name=\"_wpcf7_posted_data_hash\" value=\"\" \/>\n<\/fieldset>\n<p><label> Name*:<br \/>\n<span class=\"wpcf7-form-control-wrap\" data-name=\"your-name\"><input size=\"40\" maxlength=\"400\" class=\"wpcf7-form-control wpcf7-text wpcf7-validates-as-required\" aria-required=\"true\" aria-invalid=\"false\" value=\"\" type=\"text\" name=\"your-name\" \/><\/span> <\/label>\n<\/p>\n<p><label> E-Mail-Adresse*:<br \/>\n<span class=\"wpcf7-form-control-wrap\" data-name=\"your-email\"><input size=\"40\" maxlength=\"400\" class=\"wpcf7-form-control wpcf7-email wpcf7-validates-as-required wpcf7-text wpcf7-validates-as-email\" aria-required=\"true\" aria-invalid=\"false\" value=\"\" type=\"email\" name=\"your-email\" \/><\/span> <\/label>\n<\/p>\n<p><label> E-Mail-Adresse best\u00e4tigen*:<br \/>\n<span class=\"wpcf7-form-control-wrap\" data-name=\"your-email2\"><input size=\"40\" maxlength=\"400\" class=\"wpcf7-form-control wpcf7-email wpcf7-validates-as-required wpcf7-text wpcf7-validates-as-email\" aria-required=\"true\" aria-invalid=\"false\" value=\"\" type=\"email\" name=\"your-email2\" \/><\/span> <\/label>\n<\/p>\n<p><label> Krankenkasse\/-versicherung*:<br \/>\n<span class=\"wpcf7-form-control-wrap\" data-name=\"your-insurance\"><input size=\"40\" maxlength=\"400\" class=\"wpcf7-form-control wpcf7-text wpcf7-validates-as-required\" aria-required=\"true\" aria-invalid=\"false\" value=\"\" type=\"text\" name=\"your-insurance\" \/><\/span> <\/label>\n<\/p>\n<p><label> Telefon: (Wenn Sie einen Termin vereinbaren m\u00f6chten, geben Sie bitte unbedingt eine Telefonnummer an, unter der wir Sie zur\u00fcckrufen k\u00f6nnen)<br \/>\n<span class=\"wpcf7-form-control-wrap\" data-name=\"tel-218\"><input size=\"40\" maxlength=\"400\" class=\"wpcf7-form-control wpcf7-tel wpcf7-text wpcf7-validates-as-tel\" aria-invalid=\"false\" value=\"\" type=\"tel\" name=\"tel-218\" \/><\/span> <\/label>\n<\/p>\n<p><label> Ihr Anliegen*:<br \/>\n<span class=\"wpcf7-form-control-wrap\" data-name=\"your-message\"><textarea cols=\"40\" rows=\"10\" maxlength=\"750\" class=\"wpcf7-form-control wpcf7-textarea wpcf7-validates-as-required\" aria-required=\"true\" aria-invalid=\"false\" name=\"your-message\"><\/textarea><\/span> <\/label>\n<\/p>\n<p>Wenn Sie in das Formular die dort abgefragten Daten eingeben, erhalten wir eine Nachricht mit dem Inhalt Ihrer Anfrage. Wir speichern die Daten und verwenden Sie, um Ihre Anfrage zu bearbeiten. Die Verarbeitung erfolgt auf der Grundlage von Art. 6 Abs. 1 lit. b, 9 Abs. 2 lit. h DSGVO. Weitere Informationen finden Sie in unserer Datenschutzerkl\u00e4rung. Eine Kopie Ihrer Nachricht wird an Ihre Email-Adresse geschickt.\n<\/p>\n<p><span class=\"wpcf7-form-control-wrap\" data-name=\"acceptance-705\"><span class=\"wpcf7-form-control wpcf7-acceptance\"><span class=\"wpcf7-list-item\"><input type=\"checkbox\" name=\"acceptance-705\" value=\"1\" aria-invalid=\"false\" \/><\/span><\/span><\/span> Bitte akzeptieren Sie die Bedingungen um fortzufahren.\n<\/p>\n<p><input class=\"wpcf7-form-control wpcf7-submit has-spinner\" type=\"submit\" value=\"Senden\" \/>\n<\/p>\n<p>* Pflichtfelder\n<\/p><div class=\"wpcf7-response-output\" aria-hidden=\"true\"><\/div>\n<\/form>\n<\/div>\n\n<\/div>\n","protected":false},"excerpt":{"rendered":"<p>ACHTUNG: WEGEN EINER SEHR HOHER INANSPRUCHNAHME IN DER PRAXIS, AM TELEFON UND PER E-MAIL KANN ES MEHRERE TAGE DAUERN, BIS SIE EINE ANTWORT VON UNS ERHALTEN. Sehr geehrte Patientinnen und Patienten, wir wissen, dass es h\u00e4ufig sehr schwer ist, uns telefonisch zu erreichen. Das liegt ausschlie\u00dflich an einem hohen Anrufaufkommen. Bleiben Sie bitte m\u00f6glichst am &hellip; <a href=\"https:\/\/figl.de\/index.php\/kontakt\/\" class=\"more-link\">Weiterlesen <span class=\"screen-reader-text\">Kontakt<\/span><\/a><\/p>\n","protected":false},"author":1,"featured_media":0,"parent":0,"menu_order":0,"comment_status":"closed","ping_status":"closed","template":"","meta":{"footnotes":""},"class_list":["post-12","page","type-page","status-publish","hentry","without-featured-image"],"yoast_head":"<!-- This site is optimized with the Yoast SEO plugin v26.8 - https:\/\/yoast.com\/product\/yoast-seo-wordpress\/ -->\n<title>Kontakt | Praxis Drs. Figl Karlsruhe<\/title>\n<meta name=\"description\" content=\"Schicken Sie uns eine Email mit Ihrem Anliegen! Wir rufen Sie gern zur\u00fcck.\" \/>\n<meta name=\"robots\" content=\"index, follow, max-snippet:-1, max-image-preview:large, max-video-preview:-1\" \/>\n<link rel=\"canonical\" href=\"https:\/\/figl.de\/index.php\/kontakt\/\" \/>\n<meta property=\"og:locale\" content=\"de_DE\" \/>\n<meta property=\"og:type\" content=\"article\" \/>\n<meta property=\"og:title\" content=\"Kontakt | Praxis Drs. Figl Karlsruhe\" \/>\n<meta property=\"og:description\" content=\"Schicken Sie uns eine Email mit Ihrem Anliegen! Wir rufen Sie gern zur\u00fcck.\" \/>\n<meta property=\"og:url\" content=\"https:\/\/figl.de\/index.php\/kontakt\/\" \/>\n<meta property=\"og:site_name\" content=\"Praxis Drs. Figl Karlsruhe\" \/>\n<meta property=\"article:modified_time\" content=\"2026-02-23T05:39:01+00:00\" \/>\n<meta name=\"twitter:card\" content=\"summary_large_image\" \/>\n<meta name=\"twitter:label1\" content=\"Gesch\u00e4tzte Lesezeit\" \/>\n\t<meta name=\"twitter:data1\" content=\"1\u00a0Minute\" \/>\n<script type=\"application\/ld+json\" class=\"yoast-schema-graph\">{\"@context\":\"https:\/\/schema.org\",\"@graph\":[{\"@type\":\"WebPage\",\"@id\":\"https:\/\/figl.de\/index.php\/kontakt\/\",\"url\":\"https:\/\/figl.de\/index.php\/kontakt\/\",\"name\":\"Kontakt | Praxis Drs. Figl Karlsruhe\",\"isPartOf\":{\"@id\":\"https:\/\/figl.de\/#website\"},\"datePublished\":\"2018-02-12T15:40:04+00:00\",\"dateModified\":\"2026-02-23T05:39:01+00:00\",\"description\":\"Schicken Sie uns eine Email mit Ihrem Anliegen! Wir rufen Sie gern zur\u00fcck.\",\"breadcrumb\":{\"@id\":\"https:\/\/figl.de\/index.php\/kontakt\/#breadcrumb\"},\"inLanguage\":\"de\",\"potentialAction\":[{\"@type\":\"ReadAction\",\"target\":[\"https:\/\/figl.de\/index.php\/kontakt\/\"]}]},{\"@type\":\"BreadcrumbList\",\"@id\":\"https:\/\/figl.de\/index.php\/kontakt\/#breadcrumb\",\"itemListElement\":[{\"@type\":\"ListItem\",\"position\":1,\"name\":\"Startseite\",\"item\":\"https:\/\/figl.de\/\"},{\"@type\":\"ListItem\",\"position\":2,\"name\":\"Kontakt\"}]},{\"@type\":\"WebSite\",\"@id\":\"https:\/\/figl.de\/#website\",\"url\":\"https:\/\/figl.de\/\",\"name\":\"Praxis Drs. Figl Karlsruhe\",\"description\":\"Ihre Haut\u00e4rzte\",\"potentialAction\":[{\"@type\":\"SearchAction\",\"target\":{\"@type\":\"EntryPoint\",\"urlTemplate\":\"https:\/\/figl.de\/?s={search_term_string}\"},\"query-input\":{\"@type\":\"PropertyValueSpecification\",\"valueRequired\":true,\"valueName\":\"search_term_string\"}}],\"inLanguage\":\"de\"}]}<\/script>\n<!-- \/ Yoast SEO plugin. -->","yoast_head_json":{"title":"Kontakt | Praxis Drs. Figl Karlsruhe","description":"Schicken Sie uns eine Email mit Ihrem Anliegen! Wir rufen Sie gern zur\u00fcck.","robots":{"index":"index","follow":"follow","max-snippet":"max-snippet:-1","max-image-preview":"max-image-preview:large","max-video-preview":"max-video-preview:-1"},"canonical":"https:\/\/figl.de\/index.php\/kontakt\/","og_locale":"de_DE","og_type":"article","og_title":"Kontakt | Praxis Drs. Figl Karlsruhe","og_description":"Schicken Sie uns eine Email mit Ihrem Anliegen! Wir rufen Sie gern zur\u00fcck.","og_url":"https:\/\/figl.de\/index.php\/kontakt\/","og_site_name":"Praxis Drs. Figl Karlsruhe","article_modified_time":"2026-02-23T05:39:01+00:00","twitter_card":"summary_large_image","twitter_misc":{"Gesch\u00e4tzte Lesezeit":"1\u00a0Minute"},"schema":{"@context":"https:\/\/schema.org","@graph":[{"@type":"WebPage","@id":"https:\/\/figl.de\/index.php\/kontakt\/","url":"https:\/\/figl.de\/index.php\/kontakt\/","name":"Kontakt | Praxis Drs. Figl Karlsruhe","isPartOf":{"@id":"https:\/\/figl.de\/#website"},"datePublished":"2018-02-12T15:40:04+00:00","dateModified":"2026-02-23T05:39:01+00:00","description":"Schicken Sie uns eine Email mit Ihrem Anliegen! Wir rufen Sie gern zur\u00fcck.","breadcrumb":{"@id":"https:\/\/figl.de\/index.php\/kontakt\/#breadcrumb"},"inLanguage":"de","potentialAction":[{"@type":"ReadAction","target":["https:\/\/figl.de\/index.php\/kontakt\/"]}]},{"@type":"BreadcrumbList","@id":"https:\/\/figl.de\/index.php\/kontakt\/#breadcrumb","itemListElement":[{"@type":"ListItem","position":1,"name":"Startseite","item":"https:\/\/figl.de\/"},{"@type":"ListItem","position":2,"name":"Kontakt"}]},{"@type":"WebSite","@id":"https:\/\/figl.de\/#website","url":"https:\/\/figl.de\/","name":"Praxis Drs. Figl Karlsruhe","description":"Ihre Haut\u00e4rzte","potentialAction":[{"@type":"SearchAction","target":{"@type":"EntryPoint","urlTemplate":"https:\/\/figl.de\/?s={search_term_string}"},"query-input":{"@type":"PropertyValueSpecification","valueRequired":true,"valueName":"search_term_string"}}],"inLanguage":"de"}]}},"_links":{"self":[{"href":"https:\/\/figl.de\/index.php\/wp-json\/wp\/v2\/pages\/12","targetHints":{"allow":["GET"]}}],"collection":[{"href":"https:\/\/figl.de\/index.php\/wp-json\/wp\/v2\/pages"}],"about":[{"href":"https:\/\/figl.de\/index.php\/wp-json\/wp\/v2\/types\/page"}],"author":[{"embeddable":true,"href":"https:\/\/figl.de\/index.php\/wp-json\/wp\/v2\/users\/1"}],"replies":[{"embeddable":true,"href":"https:\/\/figl.de\/index.php\/wp-json\/wp\/v2\/comments?post=12"}],"version-history":[{"count":37,"href":"https:\/\/figl.de\/index.php\/wp-json\/wp\/v2\/pages\/12\/revisions"}],"predecessor-version":[{"id":886,"href":"https:\/\/figl.de\/index.php\/wp-json\/wp\/v2\/pages\/12\/revisions\/886"}],"wp:attachment":[{"href":"https:\/\/figl.de\/index.php\/wp-json\/wp\/v2\/media?parent=12"}],"curies":[{"name":"wp","href":"https:\/\/api.w.org\/{rel}","templated":true}]}}