{"id":170,"date":"2018-03-03T11:56:39","date_gmt":"2018-03-03T10:56:39","guid":{"rendered":"http:\/\/figl.de\/v2\/?page_id=170"},"modified":"2025-08-02T14:12:34","modified_gmt":"2025-08-02T12:12:34","slug":"dermatoonkologie-hautkrebs","status":"publish","type":"page","link":"https:\/\/figl.de\/index.php\/dermatoonkologie-hautkrebs\/","title":{"rendered":"Hautkrebs"},"content":{"rendered":"<p>Als onkologisch verantwortliche \u00c4rzte sind wir spezialisiert auf die leitliniengerechte Diagnostik, Therapie und Nachsorge von Hautkrebs auf dem jeweils aktuellen Stand des Wissens:<\/p>\n<ul type=\"disc\">\n<li>Erkennen der verschiedenen Formen von Hautkrebs<\/li>\n<li>Ambulante Operationen von gutartigen und b\u00f6sartigen Tumoren der Haut<\/li>\n<li>Nicht-operative Verfahren bei bestimmten Arten von Hautkrebs:\n<ul>\n<li><a href=\"https:\/\/figl.de\/index.php\/photodynamische-therapie-pdt\/\" rel=\"noopener\">Photodynamische Therapie<\/a> (Hautkrebs entfernen ohne Operation)<\/li>\n<li>Kryochirurgie (\u201eVereisen\u201c)<\/li>\n<li>Lasertherapie<\/li>\n<li>Creme-Therapien<\/li>\n<\/ul>\n<\/li>\n<li>Nachsorgeuntersuchungen bei Hautkrebs<\/li>\n<\/ul>\n<p>Sollte bei Ihnen Hautkrebs festgestellt werden, beraten wir Sie ausf\u00fchrlich \u00fcber die Erkrankung und alle f\u00fcr Sie in Frage kommenden Therapiem\u00f6glichkeiten.<\/p>\n","protected":false},"excerpt":{"rendered":"<p>Als onkologisch verantwortliche \u00c4rzte sind wir spezialisiert auf die leitliniengerechte Diagnostik, Therapie und Nachsorge von Hautkrebs auf dem jeweils aktuellen Stand des Wissens: Erkennen der verschiedenen Formen von Hautkrebs Ambulante Operationen von gutartigen und b\u00f6sartigen Tumoren der Haut Nicht-operative Verfahren bei bestimmten Arten von Hautkrebs: Photodynamische Therapie (Hautkrebs entfernen ohne Operation) Kryochirurgie (\u201eVereisen\u201c) Lasertherapie Creme-Therapien &hellip; <a href=\"https:\/\/figl.de\/index.php\/dermatoonkologie-hautkrebs\/\" class=\"more-link\">Weiterlesen <span class=\"screen-reader-text\">Hautkrebs<\/span><\/a><\/p>\n","protected":false},"author":1,"featured_media":0,"parent":0,"menu_order":0,"comment_status":"closed","ping_status":"closed","template":"","meta":{"footnotes":""},"class_list":["post-170","page","type-page","status-publish","hentry","without-featured-image"],"yoast_head":"<!-- This site is optimized with the Yoast SEO plugin v26.8 - https:\/\/yoast.com\/product\/yoast-seo-wordpress\/ -->\n<title>Hautkrebs | Praxis Drs. Figl Karlsruhe<\/title>\n<meta name=\"robots\" content=\"index, follow, max-snippet:-1, max-image-preview:large, max-video-preview:-1\" \/>\n<link rel=\"canonical\" href=\"https:\/\/figl.de\/index.php\/dermatoonkologie-hautkrebs\/\" \/>\n<meta property=\"og:locale\" content=\"de_DE\" \/>\n<meta property=\"og:type\" content=\"article\" \/>\n<meta property=\"og:title\" content=\"Hautkrebs | Praxis Drs. Figl Karlsruhe\" \/>\n<meta property=\"og:description\" content=\"Als onkologisch verantwortliche \u00c4rzte sind wir spezialisiert auf die leitliniengerechte Diagnostik, Therapie und Nachsorge von Hautkrebs auf dem jeweils aktuellen Stand des Wissens: Erkennen der verschiedenen Formen von Hautkrebs Ambulante Operationen von gutartigen und b\u00f6sartigen Tumoren der Haut Nicht-operative Verfahren bei bestimmten Arten von Hautkrebs: Photodynamische Therapie (Hautkrebs entfernen ohne Operation) Kryochirurgie (\u201eVereisen\u201c) Lasertherapie Creme-Therapien &hellip; Weiterlesen Hautkrebs\" \/>\n<meta property=\"og:url\" content=\"https:\/\/figl.de\/index.php\/dermatoonkologie-hautkrebs\/\" \/>\n<meta property=\"og:site_name\" content=\"Praxis Drs. Figl Karlsruhe\" \/>\n<meta property=\"article:modified_time\" content=\"2025-08-02T12:12:34+00:00\" \/>\n<meta name=\"twitter:card\" content=\"summary_large_image\" \/>\n<meta name=\"twitter:label1\" content=\"Gesch\u00e4tzte Lesezeit\" \/>\n\t<meta name=\"twitter:data1\" content=\"1\u00a0Minute\" \/>\n<script type=\"application\/ld+json\" class=\"yoast-schema-graph\">{\"@context\":\"https:\/\/schema.org\",\"@graph\":[{\"@type\":\"WebPage\",\"@id\":\"https:\/\/figl.de\/index.php\/dermatoonkologie-hautkrebs\/\",\"url\":\"https:\/\/figl.de\/index.php\/dermatoonkologie-hautkrebs\/\",\"name\":\"Hautkrebs | Praxis Drs. Figl Karlsruhe\",\"isPartOf\":{\"@id\":\"https:\/\/figl.de\/#website\"},\"datePublished\":\"2018-03-03T10:56:39+00:00\",\"dateModified\":\"2025-08-02T12:12:34+00:00\",\"breadcrumb\":{\"@id\":\"https:\/\/figl.de\/index.php\/dermatoonkologie-hautkrebs\/#breadcrumb\"},\"inLanguage\":\"de\",\"potentialAction\":[{\"@type\":\"ReadAction\",\"target\":[\"https:\/\/figl.de\/index.php\/dermatoonkologie-hautkrebs\/\"]}]},{\"@type\":\"BreadcrumbList\",\"@id\":\"https:\/\/figl.de\/index.php\/dermatoonkologie-hautkrebs\/#breadcrumb\",\"itemListElement\":[{\"@type\":\"ListItem\",\"position\":1,\"name\":\"Startseite\",\"item\":\"https:\/\/figl.de\/\"},{\"@type\":\"ListItem\",\"position\":2,\"name\":\"Hautkrebs\"}]},{\"@type\":\"WebSite\",\"@id\":\"https:\/\/figl.de\/#website\",\"url\":\"https:\/\/figl.de\/\",\"name\":\"Praxis Drs. Figl Karlsruhe\",\"description\":\"Ihre Haut\u00e4rzte\",\"potentialAction\":[{\"@type\":\"SearchAction\",\"target\":{\"@type\":\"EntryPoint\",\"urlTemplate\":\"https:\/\/figl.de\/?s={search_term_string}\"},\"query-input\":{\"@type\":\"PropertyValueSpecification\",\"valueRequired\":true,\"valueName\":\"search_term_string\"}}],\"inLanguage\":\"de\"}]}<\/script>\n<!-- \/ Yoast SEO plugin. -->","yoast_head_json":{"title":"Hautkrebs | Praxis Drs. Figl Karlsruhe","robots":{"index":"index","follow":"follow","max-snippet":"max-snippet:-1","max-image-preview":"max-image-preview:large","max-video-preview":"max-video-preview:-1"},"canonical":"https:\/\/figl.de\/index.php\/dermatoonkologie-hautkrebs\/","og_locale":"de_DE","og_type":"article","og_title":"Hautkrebs | Praxis Drs. Figl Karlsruhe","og_description":"Als onkologisch verantwortliche \u00c4rzte sind wir spezialisiert auf die leitliniengerechte Diagnostik, Therapie und Nachsorge von Hautkrebs auf dem jeweils aktuellen Stand des Wissens: Erkennen der verschiedenen Formen von Hautkrebs Ambulante Operationen von gutartigen und b\u00f6sartigen Tumoren der Haut Nicht-operative Verfahren bei bestimmten Arten von Hautkrebs: Photodynamische Therapie (Hautkrebs entfernen ohne Operation) Kryochirurgie (\u201eVereisen\u201c) Lasertherapie Creme-Therapien &hellip; Weiterlesen Hautkrebs","og_url":"https:\/\/figl.de\/index.php\/dermatoonkologie-hautkrebs\/","og_site_name":"Praxis Drs. Figl Karlsruhe","article_modified_time":"2025-08-02T12:12:34+00:00","twitter_card":"summary_large_image","twitter_misc":{"Gesch\u00e4tzte Lesezeit":"1\u00a0Minute"},"schema":{"@context":"https:\/\/schema.org","@graph":[{"@type":"WebPage","@id":"https:\/\/figl.de\/index.php\/dermatoonkologie-hautkrebs\/","url":"https:\/\/figl.de\/index.php\/dermatoonkologie-hautkrebs\/","name":"Hautkrebs | Praxis Drs. Figl Karlsruhe","isPartOf":{"@id":"https:\/\/figl.de\/#website"},"datePublished":"2018-03-03T10:56:39+00:00","dateModified":"2025-08-02T12:12:34+00:00","breadcrumb":{"@id":"https:\/\/figl.de\/index.php\/dermatoonkologie-hautkrebs\/#breadcrumb"},"inLanguage":"de","potentialAction":[{"@type":"ReadAction","target":["https:\/\/figl.de\/index.php\/dermatoonkologie-hautkrebs\/"]}]},{"@type":"BreadcrumbList","@id":"https:\/\/figl.de\/index.php\/dermatoonkologie-hautkrebs\/#breadcrumb","itemListElement":[{"@type":"ListItem","position":1,"name":"Startseite","item":"https:\/\/figl.de\/"},{"@type":"ListItem","position":2,"name":"Hautkrebs"}]},{"@type":"WebSite","@id":"https:\/\/figl.de\/#website","url":"https:\/\/figl.de\/","name":"Praxis Drs. Figl Karlsruhe","description":"Ihre Haut\u00e4rzte","potentialAction":[{"@type":"SearchAction","target":{"@type":"EntryPoint","urlTemplate":"https:\/\/figl.de\/?s={search_term_string}"},"query-input":{"@type":"PropertyValueSpecification","valueRequired":true,"valueName":"search_term_string"}}],"inLanguage":"de"}]}},"_links":{"self":[{"href":"https:\/\/figl.de\/index.php\/wp-json\/wp\/v2\/pages\/170","targetHints":{"allow":["GET"]}}],"collection":[{"href":"https:\/\/figl.de\/index.php\/wp-json\/wp\/v2\/pages"}],"about":[{"href":"https:\/\/figl.de\/index.php\/wp-json\/wp\/v2\/types\/page"}],"author":[{"embeddable":true,"href":"https:\/\/figl.de\/index.php\/wp-json\/wp\/v2\/users\/1"}],"replies":[{"embeddable":true,"href":"https:\/\/figl.de\/index.php\/wp-json\/wp\/v2\/comments?post=170"}],"version-history":[{"count":5,"href":"https:\/\/figl.de\/index.php\/wp-json\/wp\/v2\/pages\/170\/revisions"}],"predecessor-version":[{"id":837,"href":"https:\/\/figl.de\/index.php\/wp-json\/wp\/v2\/pages\/170\/revisions\/837"}],"wp:attachment":[{"href":"https:\/\/figl.de\/index.php\/wp-json\/wp\/v2\/media?parent=170"}],"curies":[{"name":"wp","href":"https:\/\/api.w.org\/{rel}","templated":true}]}}