{"id":175,"date":"2018-03-03T11:57:36","date_gmt":"2018-03-03T10:57:36","guid":{"rendered":"http:\/\/figl.de\/v2\/?page_id=175"},"modified":"2018-04-12T10:19:51","modified_gmt":"2018-04-12T08:19:51","slug":"psoriasis-schwerpunktpraxis","status":"publish","type":"page","link":"https:\/\/figl.de\/index.php\/psoriasis-schwerpunktpraxis\/","title":{"rendered":"Psoriasis-Schwerpunktpraxis"},"content":{"rendered":"<p>In unserer Praxis werden Patienten mit leichter, mittelschwerer und schwerer Psoriasis (Schuppenflechte) behandelt. Dabei kommen abh\u00e4ngig vom individuellen Bedarf alle Formen der \u00e4u\u00dferlichen und innerlichen Therapie, auch moderne Biologics zum Einsatz:<\/p>\n<ul type=\"disc\">\n<li>Cremes und Salben<\/li>\n<li>Innerliche Behandlung durch Medikamente<\/li>\n<li>UV-Behandlungen (UVA, UVB, PUVA)<\/li>\n<li>Biologika (neue Medikamente zur Behandlung der Psoriasis-Arthritis sowie der mittelschweren und schweren Psoriasis der Haut)<\/li>\n<\/ul>\n<p>Die Psoriasis ist eine chronische Erkrankung, die Sie h\u00e4ufig schon seit Jahren oder Jahrzehnten begleitet und f\u00fcr die es nach wie vor keine endg\u00fcltige Heilung gibt. Nach neueren Untersuchungen sind viele Psoriasis-Patienten unterversorgt. Das hei\u00dft, Sie erhalten aus verschiedenen Gr\u00fcnden nicht die Therapie, die f\u00fcr sie n\u00f6tig w\u00e4re. Es ist unser Ziel, f\u00fcr Sie eine Therapie zu finden, die es Ihnen erm\u00f6glicht, ohne oder nur mit geringen Hauterscheinungen mit der Erkrankung zu leben.<\/p>\n","protected":false},"excerpt":{"rendered":"<p>In unserer Praxis werden Patienten mit leichter, mittelschwerer und schwerer Psoriasis (Schuppenflechte) behandelt. Dabei kommen abh\u00e4ngig vom individuellen Bedarf alle Formen der \u00e4u\u00dferlichen und innerlichen Therapie, auch moderne Biologics zum Einsatz: Cremes und Salben Innerliche Behandlung durch Medikamente UV-Behandlungen (UVA, UVB, PUVA) Biologika (neue Medikamente zur Behandlung der Psoriasis-Arthritis sowie der mittelschweren und schweren Psoriasis &hellip; <a href=\"https:\/\/figl.de\/index.php\/psoriasis-schwerpunktpraxis\/\" class=\"more-link\">Weiterlesen <span class=\"screen-reader-text\">Psoriasis-Schwerpunktpraxis<\/span><\/a><\/p>\n","protected":false},"author":1,"featured_media":0,"parent":0,"menu_order":0,"comment_status":"closed","ping_status":"closed","template":"","meta":{"footnotes":""},"class_list":["post-175","page","type-page","status-publish","hentry","without-featured-image"],"yoast_head":"<!-- This site is optimized with the Yoast SEO plugin v26.8 - https:\/\/yoast.com\/product\/yoast-seo-wordpress\/ -->\n<title>Psoriasis-Schwerpunktpraxis | Praxis Drs. Figl Karlsruhe<\/title>\n<meta name=\"robots\" content=\"index, follow, max-snippet:-1, max-image-preview:large, max-video-preview:-1\" \/>\n<link rel=\"canonical\" href=\"https:\/\/figl.de\/index.php\/psoriasis-schwerpunktpraxis\/\" \/>\n<meta property=\"og:locale\" content=\"de_DE\" \/>\n<meta property=\"og:type\" content=\"article\" \/>\n<meta property=\"og:title\" content=\"Psoriasis-Schwerpunktpraxis | Praxis Drs. Figl Karlsruhe\" \/>\n<meta property=\"og:description\" content=\"In unserer Praxis werden Patienten mit leichter, mittelschwerer und schwerer Psoriasis (Schuppenflechte) behandelt. Dabei kommen abh\u00e4ngig vom individuellen Bedarf alle Formen der \u00e4u\u00dferlichen und innerlichen Therapie, auch moderne Biologics zum Einsatz: Cremes und Salben Innerliche Behandlung durch Medikamente UV-Behandlungen (UVA, UVB, PUVA) Biologika (neue Medikamente zur Behandlung der Psoriasis-Arthritis sowie der mittelschweren und schweren Psoriasis &hellip; Weiterlesen Psoriasis-Schwerpunktpraxis\" \/>\n<meta property=\"og:url\" content=\"https:\/\/figl.de\/index.php\/psoriasis-schwerpunktpraxis\/\" \/>\n<meta property=\"og:site_name\" content=\"Praxis Drs. Figl Karlsruhe\" \/>\n<meta property=\"article:modified_time\" content=\"2018-04-12T08:19:51+00:00\" \/>\n<meta name=\"twitter:card\" content=\"summary_large_image\" \/>\n<meta name=\"twitter:label1\" content=\"Gesch\u00e4tzte Lesezeit\" \/>\n\t<meta name=\"twitter:data1\" content=\"1\u00a0Minute\" \/>\n<script type=\"application\/ld+json\" class=\"yoast-schema-graph\">{\"@context\":\"https:\/\/schema.org\",\"@graph\":[{\"@type\":\"WebPage\",\"@id\":\"https:\/\/figl.de\/index.php\/psoriasis-schwerpunktpraxis\/\",\"url\":\"https:\/\/figl.de\/index.php\/psoriasis-schwerpunktpraxis\/\",\"name\":\"Psoriasis-Schwerpunktpraxis | Praxis Drs. Figl Karlsruhe\",\"isPartOf\":{\"@id\":\"https:\/\/figl.de\/#website\"},\"datePublished\":\"2018-03-03T10:57:36+00:00\",\"dateModified\":\"2018-04-12T08:19:51+00:00\",\"breadcrumb\":{\"@id\":\"https:\/\/figl.de\/index.php\/psoriasis-schwerpunktpraxis\/#breadcrumb\"},\"inLanguage\":\"de\",\"potentialAction\":[{\"@type\":\"ReadAction\",\"target\":[\"https:\/\/figl.de\/index.php\/psoriasis-schwerpunktpraxis\/\"]}]},{\"@type\":\"BreadcrumbList\",\"@id\":\"https:\/\/figl.de\/index.php\/psoriasis-schwerpunktpraxis\/#breadcrumb\",\"itemListElement\":[{\"@type\":\"ListItem\",\"position\":1,\"name\":\"Startseite\",\"item\":\"https:\/\/figl.de\/\"},{\"@type\":\"ListItem\",\"position\":2,\"name\":\"Psoriasis-Schwerpunktpraxis\"}]},{\"@type\":\"WebSite\",\"@id\":\"https:\/\/figl.de\/#website\",\"url\":\"https:\/\/figl.de\/\",\"name\":\"Praxis Drs. Figl Karlsruhe\",\"description\":\"Ihre Haut\u00e4rzte\",\"potentialAction\":[{\"@type\":\"SearchAction\",\"target\":{\"@type\":\"EntryPoint\",\"urlTemplate\":\"https:\/\/figl.de\/?s={search_term_string}\"},\"query-input\":{\"@type\":\"PropertyValueSpecification\",\"valueRequired\":true,\"valueName\":\"search_term_string\"}}],\"inLanguage\":\"de\"}]}<\/script>\n<!-- \/ Yoast SEO plugin. -->","yoast_head_json":{"title":"Psoriasis-Schwerpunktpraxis | Praxis Drs. Figl Karlsruhe","robots":{"index":"index","follow":"follow","max-snippet":"max-snippet:-1","max-image-preview":"max-image-preview:large","max-video-preview":"max-video-preview:-1"},"canonical":"https:\/\/figl.de\/index.php\/psoriasis-schwerpunktpraxis\/","og_locale":"de_DE","og_type":"article","og_title":"Psoriasis-Schwerpunktpraxis | Praxis Drs. Figl Karlsruhe","og_description":"In unserer Praxis werden Patienten mit leichter, mittelschwerer und schwerer Psoriasis (Schuppenflechte) behandelt. Dabei kommen abh\u00e4ngig vom individuellen Bedarf alle Formen der \u00e4u\u00dferlichen und innerlichen Therapie, auch moderne Biologics zum Einsatz: Cremes und Salben Innerliche Behandlung durch Medikamente UV-Behandlungen (UVA, UVB, PUVA) Biologika (neue Medikamente zur Behandlung der Psoriasis-Arthritis sowie der mittelschweren und schweren Psoriasis &hellip; Weiterlesen Psoriasis-Schwerpunktpraxis","og_url":"https:\/\/figl.de\/index.php\/psoriasis-schwerpunktpraxis\/","og_site_name":"Praxis Drs. Figl Karlsruhe","article_modified_time":"2018-04-12T08:19:51+00:00","twitter_card":"summary_large_image","twitter_misc":{"Gesch\u00e4tzte Lesezeit":"1\u00a0Minute"},"schema":{"@context":"https:\/\/schema.org","@graph":[{"@type":"WebPage","@id":"https:\/\/figl.de\/index.php\/psoriasis-schwerpunktpraxis\/","url":"https:\/\/figl.de\/index.php\/psoriasis-schwerpunktpraxis\/","name":"Psoriasis-Schwerpunktpraxis | Praxis Drs. Figl Karlsruhe","isPartOf":{"@id":"https:\/\/figl.de\/#website"},"datePublished":"2018-03-03T10:57:36+00:00","dateModified":"2018-04-12T08:19:51+00:00","breadcrumb":{"@id":"https:\/\/figl.de\/index.php\/psoriasis-schwerpunktpraxis\/#breadcrumb"},"inLanguage":"de","potentialAction":[{"@type":"ReadAction","target":["https:\/\/figl.de\/index.php\/psoriasis-schwerpunktpraxis\/"]}]},{"@type":"BreadcrumbList","@id":"https:\/\/figl.de\/index.php\/psoriasis-schwerpunktpraxis\/#breadcrumb","itemListElement":[{"@type":"ListItem","position":1,"name":"Startseite","item":"https:\/\/figl.de\/"},{"@type":"ListItem","position":2,"name":"Psoriasis-Schwerpunktpraxis"}]},{"@type":"WebSite","@id":"https:\/\/figl.de\/#website","url":"https:\/\/figl.de\/","name":"Praxis Drs. Figl Karlsruhe","description":"Ihre Haut\u00e4rzte","potentialAction":[{"@type":"SearchAction","target":{"@type":"EntryPoint","urlTemplate":"https:\/\/figl.de\/?s={search_term_string}"},"query-input":{"@type":"PropertyValueSpecification","valueRequired":true,"valueName":"search_term_string"}}],"inLanguage":"de"}]}},"_links":{"self":[{"href":"https:\/\/figl.de\/index.php\/wp-json\/wp\/v2\/pages\/175","targetHints":{"allow":["GET"]}}],"collection":[{"href":"https:\/\/figl.de\/index.php\/wp-json\/wp\/v2\/pages"}],"about":[{"href":"https:\/\/figl.de\/index.php\/wp-json\/wp\/v2\/types\/page"}],"author":[{"embeddable":true,"href":"https:\/\/figl.de\/index.php\/wp-json\/wp\/v2\/users\/1"}],"replies":[{"embeddable":true,"href":"https:\/\/figl.de\/index.php\/wp-json\/wp\/v2\/comments?post=175"}],"version-history":[{"count":2,"href":"https:\/\/figl.de\/index.php\/wp-json\/wp\/v2\/pages\/175\/revisions"}],"predecessor-version":[{"id":261,"href":"https:\/\/figl.de\/index.php\/wp-json\/wp\/v2\/pages\/175\/revisions\/261"}],"wp:attachment":[{"href":"https:\/\/figl.de\/index.php\/wp-json\/wp\/v2\/media?parent=175"}],"curies":[{"name":"wp","href":"https:\/\/api.w.org\/{rel}","templated":true}]}}